 prime factors of 1646454617.
1646454617
List the prime factors of 1987789368.
2, 3, 89, 151, 6163
List the prime factors of 2257249223.
103, 21915041
List the prime factors of 7033145449.
11, 58125169
What are the prime factors of 141504672?
2, 3, 109, 13523
What are the prime factors of 38039336?
2, 17, 16453
List the prime factors of 68485349.
487, 140627
List the prime factors of 6036344296.
2, 23, 32806219
What are the prime factors of 41261610?
2, 3, 5, 13, 241, 439
List the prime factors of 5587827.
3, 7, 23, 503
What are the prime factors of 110209465?
5, 107, 113, 1823
List the prime factors of 60642125.
5, 485137
List the prime factors of 70661808.
2, 3, 7, 7789
List the prime factors of 138962007.
3, 5146741
List the prime factors of 118631513.
7, 11, 13, 31, 3823
List the prime factors of 116263769.
577, 201497
What are the prime factors of 250031346?
2, 3, 41671891
What are the prime factors of 63160817?
3541, 17837
List the prime factors of 14216568.
2, 3, 592357
What are the prime factors of 67819971?
3, 31, 409, 1783
What are the prime factors of 181941344?
2, 13, 17, 1979
What are the prime factors of 167708877?
3, 7, 19, 420323
What are the prime factors of 1125509523?
3, 375169841
List the prime factors of 28142536.
2, 397, 8861
List the prime factors of 154479636.
2, 3, 29, 41, 401
List the prime factors of 180968517.
3, 37, 59, 61, 151
What are the prime factors of 2251813009?
479, 4701071
What are the prime factors of 164681519?
164681519
What are the prime factors of 44310156?
2, 3, 11, 61, 5503
What are the prime factors of 1407540790?
2, 5, 140754079
List the prime factors of 149389217.
17, 31, 257, 1103
What are the prime factors of 170393922?
2, 3, 1039, 3037
What are the prime factors of 537687551?
5807, 92593
What are the prime factors of 822769839?
3, 2753, 11069
What are the prime factors of 565664601?
3, 53, 3557639
List the prime factors of 6463713453.
3, 2154571151
List the prime factors of 393324460.
2, 5, 3539, 5557
What are the prime factors of 681425201?
6529, 104369
List the prime factors of 638657766.
2, 3, 167, 212461
What are the prime factors of 168687652?
2, 7, 131, 45989
What are the prime factors of 10025290?
2, 5, 11, 91139
List the prime factors of 49762614.
2, 3, 11, 753979
List the prime factors of 99086406.
2, 3, 19, 869179
List the prime factors of 129188887.
129188887
What are the prime factors of 707480767?
7, 14438383
What are the prime factors of 48329792?
2, 7, 233, 463
What are the prime factors of 134010452?
2, 67, 673, 743
List the prime factors of 609289437.
3, 479, 424001
List the prime factors of 41281277.
41281277
List the prime factors of 1008835530.
2, 3, 5, 79, 151, 2819
List the prime factors of 4089401358.
2, 3, 7, 1223, 79613
List the prime factors of 47281356.
2, 3, 1313371
What are the prime factors of 3662496989?
16931, 216319
List the prime factors of 252187116.
2, 3, 37, 383, 1483
What are the prime factors of 57688552?
2, 47, 153427
What are the prime factors of 2314759?
2314759
List the prime factors of 177001260.
2, 3, 5, 61, 137, 353
What are the prime factors of 117097627?
19, 1571, 3923
What are the prime factors of 45086716?
2, 23, 41, 11953
What are the prime factors of 123043418?
2, 311, 337, 587
List the prime factors of 174556748.
2, 17, 389, 6599
List the prime factors of 2051423997.
3, 7, 97, 1007081
What are the prime factors of 109665902?
2, 54832951
What are the prime factors of 680751135?
3, 5, 186763
What are the prime factors of 5001141880?
2, 5, 7, 2551603
What are the prime factors of 3809743?
7, 23, 23663
List the prime factors of 84527877.
3, 7, 103, 39079
What are the prime factors of 1327166961?
3, 1009, 438443
What are the prime factors of 663772387?
23, 29, 337, 2953
What are the prime factors of 68481105?
3, 5, 7, 11, 211, 281
What are the prime factors of 104604613?
409, 255757
List the prime factors of 3285982370.
2, 5, 11, 113, 264359
What are the prime factors of 314418995?
5, 11, 17, 131, 151
What are the prime factors of 243352166?
2, 29, 89, 47143
What are the prime factors of 231252028?
2, 7, 23, 73, 4919
List the prime factors of 446739630.
2, 3, 5, 173, 86077
List the prime factors of 39164736.
2, 3, 13, 17, 71
What are the prime factors of 9648835?
5, 7, 39383
What are the prime factors of 204586933?
204586933
What are the prime factors of 2025703915?
5, 405140783
List the prime factors of 30042989.
79, 380291
List the prime factors of 61240971.
3, 11, 19, 97673
What are the prime factors of 1420040686?
2, 37, 43, 446273
What are the prime factors of 857921590?
2, 5, 31, 37, 74797
What are the prime factors of 147603187?
373, 395719
What are the prime factors of 773503073?
7, 2255111
List the prime factors of 34498490.
2, 5, 13, 19, 13967
List the prime factors of 3870961150.
2, 5, 7, 11059889
List the prime factors of 33444882.
2, 3, 17, 109297
List the prime factors of 199079929.
19, 10477891
List the prime factors of 7011335.
5, 1402267
What are the prime factors of 37169048?
2, 7, 94819
List the prime factors of 5520672167.
19, 193, 673, 2237
List the prime factors of 124185793.
379, 327667
List the prime factors of 3323257805.
5, 7, 94950223
What are the prime factors of 287765354?
2, 37, 3888721
List the prime factors of 52641080.
2, 5, 277, 4751
List the prime factors of 1438230488.
2, 179778811
List the prime factors of 175719532.
2, 31, 1417093
What are the prime factors of 149014401?
3, 17, 23, 127037
List the prime factors of 75181280.
2, 5, 61, 7703
What are the prime factors of 161188069?
7, 439, 52453
What are the prime factors of 34922697?
3, 11640899
List the prime factors of 1007530300.
2, 5, 7, 1439329
List the prime factors of 216317702.
2, 5669, 19079
What are the prime factors of 103974589?
31, 1321, 2539
What are the prime factors of 16204933?
16204933
What are the prime factors of 51762484?
2, 17, 761213
What are the prime factors of 3617773091?
3617773091
What are the prime factors of 1170045409?
13, 701, 128393
What are the prime factors of 95408957?
7, 53, 229, 1123
What are the prime factors of 4269825366?
2, 3, 17, 419, 99907
What are the prime factors of 8502565?
5, 1700513
List the prime factors of 255498554.
2, 1499, 85223
What are the prime factors of 258008120?
2, 5, 127, 50789
What are the prime factors of 1247259305?
5, 331, 753631
List the prime factors of 41689369.
163, 255763
List the prime factors of 80253019.
7, 11, 79, 167
List the prime factors of 2045391147.
3, 89, 2553547
What are the prime factors of 239896097?
7, 43, 227, 3511
What are the prime factors of 218251949?
218251949
What are the prime factors of 468496874?
2, 10093, 23209
List the prime factors of 65115086.
2, 149, 353, 619
List the prime factors of 118424523.
3, 7, 41, 401
List the prime factors of 3895183351.
1553, 2508167
What are the prime factors of 1119938161?
1119938161
What are the prime factors of 1675088294?
2, 11, 76140377
List the prime factors of 1116823261.
53, 21072137
What are the prime factors of 18928467?
3, 2103163
List the prime factors of 174176646.
2, 3, 7, 227, 18269
What are the prime factors of 757138425?
3, 5, 10095179
List the prime factors of 72605188.
2, 18151297
List the prime factors of 38394624.
2, 3, 49993
What are the prime factors of 4454909638?
2, 2227454819
What are the prime factors of 90548532?
2, 3, 2515237
List the prime factors of 11408070.
2, 3, 5, 380269
List the prime factors of 3872767.
3872767
List the prime factors of 1877881694.
2, 13, 5555863
What are the prime factors of 432494319?
3, 463, 311371
What are the prime factors of 2449259044?
2, 8059, 75979
What are the prime factors of 18717663?
3, 17, 21589
List the prime factors of 244899496.
2, 30612437
What are the prime factors of 1101193?
1101193
List the prime factors of 632482069.
7297, 86677
What are the prime factors of 1209934426?
2, 2531, 239023
List the prime factors of 1201778141.
61, 211, 93371
List the prime factors of 1256965261.
17, 73939133
List the prime factors of 329901605.
5, 11, 5998211
What are the prime factors of 706612848?
2, 3, 14721101
What are the prime factors of 195187682?
2, 6143, 15887
List the prime factors of 184376376.
2, 3, 2560783
List the prime factors of 173287451.
23, 2243, 3359
Lis